ppose -3*r + 330 = 12*r. Suppose -63 = -2*z + 65. Calculate the remainder when z is divided by r.
20
Let r = -162 + 162. Suppose 3*c = -4*w + 708, -w + 2*c + 5 + 183 = r. What is the remainder when w is divided by 61?
58
Let l(i) = -3*i - 21. Calculate the remainder when 176 is divided by l(-12).
11
Calculate the remainder when 60 is divided by -1*2*84/(-8).
18
Let n(t) = -3*t**3 - 2*t**2 + 6*t + 14. What is the remainder when n(-3) is divided by 29?
1
Suppose 5*i + 270 = 5*k, -5*i - 12 = 3. Calculate the remainder when k is divided by 18.
15
Let h(u) = -u**3 - 31*u**2 - 2*u + 18. Calculate the remainder when h(-31) is divided by 29.
22
Let x(c) = -11*c - 2*c**2 + 0*c**3 + c**3 - 4 - 9*c**2 + 15. Calculate the remainder when 43 is divided by x(12).
20
Calculate the remainder when (60/(-240))/(1/(-140)) is divided by 10.
5
Suppose 5*q = 277 + 68. Let w = 75 - q. What is the remainder when 14 is divided by w?
2
Suppose -6*j = -5*a - 9*j, -j = 5. Suppose l + 3 = 0, -5*s + 80 = -a*l - 29. What is the remainder when s is divided by 12?
8
Suppose -2*p - 3*p + 2245 = 0. Calculate the remainder when p is divided by 41.
39
Calculate the remainder when 79 is divided by (-15)/45 - (-127)/3.
37
Suppose 0 = -3*t - 12, 5*n + 3*t + 1778 = 26. Let r(w) = 4*w**2 - 1. What is the remainder when (-1)/(3/n*2) is divided by r(2)?
13
Suppose 14 = 4*x - 42. Suppose 16*r = x*r + 12. What is the remainder when 9 is divided by r?
3
Let l(s) = -s**3 + 8*s**2 - s - 16. Calculate the remainder when l(5) is divided by 22.
10
Suppose 5*f + 59*f = 5952. Calculate the remainder when f is divided by 15.
3
Suppose -n = 4*l + 97 + 43, 3*n = 4*l + 156. Let y = l - -109. Let h = y - 52. Calculate the remainder when h is divided by 8.
5
Let o = 14 - 8. Suppose 78 = o*f + 18. Suppose 5*x - 39 = 56. Calculate the remainder when x is divided by f.
9
Let n = 125 + -89. Calculate the remainder when 127 is divided by n.
19
Let i(o) = o + 10. Let k be i(10). Suppose 0 = 2*a - k - 4. Calculate the remainder when 32 is divided by a.
8
Let q(b) = -b**3 - 4*b**2 - 3*b - 10. Let t be q(-4). Suppose -t*u = -91 - 85. Suppose -z + u = 3*z. What is the remainder when z is divided by 8?
6
Let h be 5/(-15) - (-148)/12. Suppose -52 + h = 8*u. Let t = 6 - u. Calculate the remainder when 18 is divided by t.
7
Let f(b) be the third derivative of -b**5/60 + 2*b**4/3 + b**3 + 8*b**2. Let i be f(16). Calculate the remainder when -1 - ((i - 3) + -16) is divided by 7.
5
Let q = -61 + 31. Let o = q + -42. What is the remainder when 22 is divided by (0 - 1)*o/6?
10
Let b(i) = 121*i + 1. Let n be b(3). Suppose -t = -8*t + n. What is the remainder when (-1)/(-2 - t/(-28)) is divided by 2?
1
Suppose 4*p + 5*o + 58 = 0, 0*p - 2*p + 4*o = 16. Let g = -8 - p. Suppose 4*x - 4 = 0, -n + 50 = n - g*x. What is the remainder when 79 is divided by n?
25
Let q = 78 - 56. Suppose -w - 3*w + 340 = 0. Calculate the remainder when w is divided by q.
19
Let k(c) = -2*c**3 - 3*c + 15. What is the remainder when 44 is divided by k(0)?
14
Suppose 4*x - 1 = 19. Suppose 2*z - 7*z - 3*b + 294 = 0, -2*z + x*b + 130 = 0. What is the remainder when z is divided by 21?
18
Let q = -59 + 64. Let f = 8 + q. What is the remainder when 114 is divided by f?
10
Let d = 261 - 147. Let i = d - 102. Calculate the remainder when 33 is divided by i.
9
Suppose -5*y + 9 = -121. Let o = 36 - y. Let a(j) = 2*j + 61. What is the remainder when a(-16) is divided by o?
9
Let h = 29 + -16. Suppose -h = -2*z - 7. Suppose 4*v - z*n = -n + 158, 2*n = -5*v + 193. Calculate the remainder when v is divided by 20.
19
Let q = 9 - 5. Suppose -6*o + 4*v - 24 = -2*o, -o + q*v - 15 = 0. What is the remainder when 21 is divided by (1 - 43)/(-3) + o?
10
Let n be 0/(3 - 4) + 3. Suppose -4*v + 361 = -5*x, n*x = -2*v + 4*x + 179. Calculate the remainder when v is divided by 18.
17
Suppose 6*u = u + 260. Let l(h) = h**2 - 4*h + 6. Let k = -1 - -8. What is the remainder when u is divided by l(k)?
25
Suppose 0 = -0*b + 4*b + 4. Let j be (-6 + 6)/(2 + b). What is the remainder when j - (-33 + 4/4) is divided by 17?
15
Suppose 178 = 4*a + 5*v, v = 5*a + 6*v - 220. Calculate the remainder when a is divided by 20.
2
Let p(l) = -l**3 - l**2 + 1. Let s = 10876 + -10767. What is the remainder when s is divided by p(-2)?
4
Let x be -16 + -1 - -2 - 4. Let k = -16 - x. Suppose 33 = k*b - 0. What is the remainder when 28 is divided by b?
6
Suppose 34*b = 16*b + 324. Let u(d) = d**3 + 9*d**2 - 3*d - 2. Calculate the remainder when u(-8) is divided by b.
14
Let b(s) = 2*s - 22. Let x be b(10). Let o be x/(-6) - (-296)/(-24). Calculate the remainder when 92 is divided by o/4 - -35 - 1.
30
Suppose 466 = 4*w + 30. Let y(u) = -u**2 - 8*u + 8. Let n be y(-7). Suppose -w + n = -2*c + 4*q, -32 = -c - q. Calculate the remainder when c is divided by 13.
11
Let i(x) = -x**3 - x + 4. Let o be i(0). Let p be ((-18)/o)/(1/(-4)). Let z(u) = -u + 29. Calculate the remainder when z(p) is divided by 7.
4
Suppose 0 = 3*n - 2*n + 5*x - 81, -2*n - 4*x = -186. What is the remainder when n is divided by 51?
50
What is the remainder when 304 is divided by -2 - -4 - 19/(190/(-260))?
24
Let s(k) = 4*k + 3 - k**3 - k**2 + 0*k**2 + 2*k**2. Let u(v) = -8*v + 13. Let l be u(2). Calculate the remainder when s(l) is divided by 6.
3
Let u(q) = -q**3 - 7*q**2 + 2*q - 8. Let o be u(-7). Let a = 50 + o. Calculate the remainder when a is divided by 11.
6
Let i = 26 - 30. What is the remainder when 2/(0 + i/(-10)) is divided by (-3)/(-9)*3 - -2?
2
Suppose 15*p = 11*p. Suppose 6*m - 121 - 11 = p. Calculate the remainder when m is divided by 13.
9
Let b = -39 - -53. Suppose 137*x - 136*x = 83. Calculate the remainder when x is divided by b.
13
Let o(q) = -2*q - 17. Let r = 20 - 30. What is the remainder when 7 is divided by o(r)?
1
Suppose -4*b = -6*y + 3*y - 223, -5*y = -3*b + 170. What is the remainder when b is divided by ((-14)/(-4))/((-17)/(-68))?
13
Let h = 253 - 124. Calculate the remainder when h is divided by 5.
4
Let a be (-27)/(-6) - 1/2. Suppose 0 = -a*g + 11*g - 133. Calculate the remainder when 91 is divided by g.
15
Let v = -1206 + 1229. Suppose h = 61 + 6. What is the remainder when h is divided by v?
21
What is the remainder when ((-24)/(-27))/2 - (-4728)/54 is divided by 7?
4
Calculate the remainder when 35 is divided by 7 + 1/((-5)/(-105)).
7
Suppose -2*u = 2*u + 180. Calculate the remainder when (-4)/18 + (-1450)/u is divided by 6 - 8 - 39/(-3).
10
Let l(o) = 132*o**2 - o - 1. Let b = -564 - -583. Calculate the remainder when l(-1) is divided by b.
18
Suppose 4*g + 20 = 2*g. Let f(b) = 4*b**2 - 3*b**2 + 7 - 4*b + 11*b. Calculate the remainder when f(g) is divided by 10.
7
Suppose 48*i - 8639 = 49. Calculate the remainder when i is divided by 7.
6
Let y(l) = -12*l - 334. Calculate the remainder when 128 is divided by y(-31).
14
Let j = 13 + 31. Suppose -124 = 4*q - 5*d, -4*d + 11 = -q - 9. Calculate the remainder when j is divided by 2/12 - 534/q.
14
Suppose 4*t = -3*j + 106, 5*j + 89*t - 84*t = 170. Calculate the remainder when 162 is divided by j.
12
Suppose 26*j + 17*j = 430. What is the remainder when 517 is divided by j?
7
Let h(b) be the second derivative of -b**3/3 + 4*b. Suppose 9 = m - 26. What is the remainder when m is divided by h(-9)?
17
Let s = 10 - -9. Let c(k) = -k + 30. Let w = 105 + -111. Calculate the remainder when c(w) is divided by s.
17
Let y(x) = 47*x - 1. Suppose 94*v = -52*v + 2336. What is the remainder when y(1) is divided by v?
14
Let f be 4/(-30) + 4531/345. Suppose -8*j + 175 = -f*j. Let b = -30 - j. What is the remainder when 7 is divided by b?
2
Let i = 3 - -5. Let m(z) = -z**3 + 7*z**2 + 11*z - 6. Let w be m(i). Let b = w - 7. What is the remainder when b is divided by 4?
3
Suppose -16 = m - 65. Suppose 2*r - 7 = 19. What is the remainder when m is divided by r?
10
Calculate the remainder when -298*5/(-30)*3 is divided by 47.
8
Let f = 33 + -6. What is the remainder when f/9*(44/6 - 1) is divided by 6?
1
Suppose 0 = -23*y + 24*y - 44. Suppose -4*j - 545 = -3*s + j, 5*s - 855 = -5*j. What is the remainder when s is divided by y?
43
Let k(b) = -b**2 - 26*b + 89. Let z(w) = -w**3 + 9*w**2 - 9*w + 9. What is the remainder when k(3) is divided by z(8)?
0
Let t(m) = -7*m + 10.